{"id":29,"date":"2017-01-09T12:45:31","date_gmt":"2017-01-09T11:45:31","guid":{"rendered":"http:\/\/td_uid_1_587377db5254f"},"modified":"2022-03-17T13:10:21","modified_gmt":"2022-03-17T12:10:21","slug":"kontakt","status":"publish","type":"page","link":"https:\/\/moja24.pl\/index.php\/kontakt\/","title":{"rendered":"Kontakt"},"content":{"rendered":"<p><strong>Moja Gazeta<\/strong><br \/>\nul. Moniuszki 11, 68-200 \u017bary<br \/>\n<a href=\"mailto:redakcja@moja-gazeta.info\">redakcja@moja-gazeta.info<\/a><\/p>\n<p>redaktor naczelny<br \/>\n<strong>Andrzej Buczy\u0144ski<\/strong><br \/>\ntel. 519 077 781<br \/>\n<a href=\"mailto:a.buczynski@moja24.pl\">a.buczynski@moja24.pl<\/a><\/p>\n<p><strong>NIP<\/strong> 928-000-05-36<br \/>\n<strong>REGON<\/strong> 970030228<\/p>\n<p><strong>Numer rachunku bankowego<\/strong><br \/>\nBZ WBK oddzia\u0142 \u017bary<br \/>\n47 1090 2561 0000 0001 3427 3199<\/p>\n<p>&nbsp;<\/p>\n","protected":false},"excerpt":{"rendered":"<p>Moja Gazeta ul. Moniuszki 11, 68-200 \u017bary redakcja@moja-gazeta.info redaktor naczelny Andrzej Buczy\u0144ski tel. 519 077 781 a.buczynski@moja24.pl NIP 928-000-05-36 REGON 970030228 Numer rachunku bankowego BZ WBK oddzia\u0142 \u017bary 47 1090 2561 0000 0001 3427 3199 &nbsp;<\/p>\n","protected":false},"author":2,"featured_media":0,"parent":0,"menu_order":0,"comment_status":"open","ping_status":"closed","template":"page-pagebuilder-title.php","meta":{"_monsterinsights_skip_tracking":false,"_monsterinsights_sitenote_active":false,"_monsterinsights_sitenote_note":"","_monsterinsights_sitenote_category":0,"footnotes":""},"class_list":["post-29","page","type-page","status-publish","hentry"],"_links":{"self":[{"href":"https:\/\/moja24.pl\/index.php\/wp-json\/wp\/v2\/pages\/29","targetHints":{"allow":["GET"]}}],"collection":[{"href":"https:\/\/moja24.pl\/index.php\/wp-json\/wp\/v2\/pages"}],"about":[{"href":"https:\/\/moja24.pl\/index.php\/wp-json\/wp\/v2\/types\/page"}],"author":[{"embeddable":true,"href":"https:\/\/moja24.pl\/index.php\/wp-json\/wp\/v2\/users\/2"}],"replies":[{"embeddable":true,"href":"https:\/\/moja24.pl\/index.php\/wp-json\/wp\/v2\/comments?post=29"}],"version-history":[{"count":21,"href":"https:\/\/moja24.pl\/index.php\/wp-json\/wp\/v2\/pages\/29\/revisions"}],"predecessor-version":[{"id":23718,"href":"https:\/\/moja24.pl\/index.php\/wp-json\/wp\/v2\/pages\/29\/revisions\/23718"}],"wp:attachment":[{"href":"https:\/\/moja24.pl\/index.php\/wp-json\/wp\/v2\/media?parent=29"}],"curies":[{"name":"wp","href":"https:\/\/api.w.org\/{rel}","templated":true}]}}